ue
Let r(t) = 8*t + 16. Let h be r(-6). Is (-30947)/(-12) - h/384 a composite number?
False
Let h be (6 - 2)*9/(-12). Let u be 1*-18*h/9. Is u/27 + 7981/9 a prime number?
True
Let p be 4482/(-72)*(-64)/6. Let u = p + -77. Is u a composite number?
False
Let i = 132226 + -72989. Is i prime?
False
Let r be ((-6)/(-4))/(-3)*-2. Suppose -28 = 6*l - 2*l - 4*k, 31 = -3*l + 5*k. Is r/l - (-465)/6 composite?
True
Let z(q) = 300*q**2 + 5*q + 5. Let b(j) = -j**3 + 2*j**2 + 6. Let d be b(3). Let i be (4/6)/(1/d). Is z(i) composite?
True
Is ((-178660)/(-2))/(14/7*1) composite?
True
Let u be (8 - 8)/(1 - 0). Suppose 9*w - 4260 + 219 = u. Is w prime?
True
Let v(g) = g + 2464. Let d be v(0). Suppose 4*w = -5*a + d + 507, -3 = 3*w. Suppose -5*o = -2220 - a. Is o prime?
True
Let i = 21854 - 7857. Is i prime?
True
Let n(g) be the third derivative of -11*g**4/2 + 7*g**3/6 + 11*g**2. Let x be n(-7). Suppose 2*d - 4*c - 622 = 0, -d + 5*c + x = 2*d. Is d a prime number?
True
Suppose 2*p = -2610 + 6656. Suppose -6*x + 1415 + p = 0. Is x a composite number?
True
Let g = -13 - -21. Let x(i) = 7*i**2 - 9*i + 31. Is x(g) composite?
True
Suppose 120971 - 312472 = -19*s. Is s composite?
False
Let m(g) = 337*g - 5. Let r be m(3). Suppose 0 = q + 87 - r. Is q prime?
True
Suppose -q - 5*g + 27 = 0, -5*q + g + 3 + 2 = 0. Let t be ((-3096)/28)/(q/14). Is (-4)/10 - t/10 a prime number?
False
Suppose 4*x - 639 = 3*m + 339, -4 = 2*m. Let k = 356 - x. Is k a prime number?
True
Let j(o) = -6*o**3 - o**2 - 2*o + 7. Let h be j(4). Let x = h - -808. Is x a prime number?
False
Let s(p) = 27*p**2 + 22*p - 5. Let q = 108 + -102. Is s(q) a prime number?
False
Suppose 1 = -2*i + 7. Suppose -1 = -2*r + 3*r - i*c, 5*c = 2*r. Suppose -29 = r*u - 1584. Is u prime?
True
Is (1 + -3)*13253/(-2) a prime number?
False
Suppose n - 2*n = -5*s - 323395, 646790 = 2*n + 3*s. Is n composite?
True
Let o = 1398 + -758. Suppose -n - 4*g + 133 + 41 = 0, -4*n + o = 2*g. Is n a prime number?
False
Suppose -n - 437 = -54. Is n/3*(4 + -7) a prime number?
True
Let z(u) = 3*u**3 - 46*u**2 + 16*u - 12. Let y be z(15). Suppose r - 1193 = 7*t - y*t, 5*r = -4*t + 6013. Is r prime?
True
Suppose 4*l - 104 = -4*h, 131 = 4*h - l + 37. Suppose -a + h = 3*a. Is (-4234)/(-18) + a/(-27) a prime number?
False
Suppose 16203 + 3101 = 8*y. Is y prime?
False
Let l(p) = -p**3 - 24*p**2 + 62*p - 2. Is l(-47) prime?
False
Let x(r) = -286*r + 5. Let y(n) = -95*n + 2. Let h(b) = -4*x(b) + 14*y(b). Let p be h(-10). Let k = 3429 - p. Is k a composite number?
True
Suppose -36*k - 69529 = -702013. Is k composite?
False
Let x(u) = u**2 + 4*u - 109. Is x(18) prime?
False
Suppose 53*j = 42*j + 42713. Is j prime?
False
Is 2/(4 - (-376278)/(-94071)) a prime number?
True
Suppose 0 = 2*h - h - 89. Let i be 669/(-12) + (-1)/4. Let u = h + i. Is u prime?
False
Suppose 0 = 4*v + 8, 1332 = -5*o - 2*v - 1052. Let b be 15 + -9 + 1*729. Let w = b + o. Is w a prime number?
False
Let r be (-2)/(-2)*1478/2. Let k = r - 354. Suppose -k = -4*b - b. Is b a prime number?
False
Suppose 493*c - 487*c - 173334 = 0. Is c a composite number?
True
Suppose 3*j + 32964 = 3*t, 9*j - 7*j - 6 = 0. Is t a composite number?
True
Suppose -28*d = -38*d + 39370. Is d a composite number?
True
Let b(u) = 0*u + 21 - 7*u + 4*u + 2*u. Let a be b(13). Is 158/(4 - a/4) a prime number?
True
Let x be (10/(-4))/(5/(7 + -17)). Suppose 0*j - x*t + 638 = j, 0 = 5*j + 5*t - 3250. Is j prime?
True
Is (12/6)/(-2 + 40404/20199) a prime number?
True
Suppose 4*z - 263 = i, 0 = 4*i - i + z + 828. Suppose b = 2*q + 584 + 159, 15 = 3*q. Let c = i + b. Is c composite?
True
Let n(c) = 120*c**2 - 2*c + 1. Let s be n(2). Suppose 55 - 156 = -h + 2*f, 4*f - s = -5*h. Is h a prime number?
True
Suppose 8*d - 4*d = -g + 23, -4*g = 20. Is d a composite number?
False
Let p be (1 + 3 - 2)/(2 - 1). Is 1590/10 + (p - (1 - -3)) composite?
False
Suppose 0 = 2*n + 26 - 92. Let x(w) = w + 3. Let a be x(3). Suppose 5*u = a*u - n. Is u prime?
False
Suppose -5*r = -782 - 11863. Suppose 635 + r = 4*m. Is m prime?
False
Suppose 2*c = -0*c. Suppose c*u - 19 = -2*u - 3*v, 4*u + v - 23 = 0. Suppose -402 = -2*y - 5*p, -3*y + 653 = -u*p - 0*p. Is y prime?
True
Let b = 216 + -197. Is b composite?
False
Let a = 6 - 6. Suppose a = 5*r + 4*t - 27, -3*r - 3*t + 4*t + 6 = 0. Suppose 7*i + 266 = 2*b + 3*i, -r*i = -2*b + 263. Is b a prime number?
True
Is (4 - (-634)/(-5))/(4/(-10)) a composite number?
False
Is 0/(-3) - -318 - 4 prime?
False
Let x(a) = -7*a**3 - a**2 - a - 2. Let f be x(-1). Suppose -1886 = -5*g - 3*z, -f*g + 1142 + 768 = -5*z. Is g prime?
True
Let z(y) = -4*y - 35. Let l be z(-10). Suppose g - t = -5*t + 207, -3*g + 553 = -l*t. Is g a composite number?
False
Is 2437 - 12 - (1 - 5) composite?
True
Suppose 35 = 4*u - b, 0*b - 34 = -4*u + 2*b. Suppose 0 = u*n - 10590 - 1659. Is n a composite number?
False
Let k be 14 + 1*2/2. Let j(a) be the third derivative of a**6/120 - 7*a**5/30 + a**4/4 + 11*a**3/3 + 37*a**2. Is j(k) composite?
False
Suppose -3 = -j - 0*j. Suppose j*x + 3*r = 231, 2*x - 4*r - 162 = -2*r. Suppose 0 = -3*h + 2*h + x. Is h composite?
False
Suppose 2*q - 2*o = -0*q - 26, 4*o - 20 = 0. Let p be (2/q)/((-4)/80). Suppose p*z - 496 = 969. Is z a composite number?
False
Let c = -9 - -12. Suppose -3*t = -2*y - c*y + 36, 16 = 4*y + 4*t. Suppose -4*u = -y*u + 658. Is u composite?
True
Suppose d = 6*d - 5*c - 103190, -2*d - 4*c + 41282 = 0. Is d prime?
True
Let q(h) = -h - 1. Let g be q(4). Is 559 + -2 + (-3 - g) a prime number?
False
Let z(h) be the third derivative of h**4/24 + h**3/2 + 3*h**2. Let n be z(0). Suppose n*u - 5 = 4*u, -u = 3*g - 94. Is g prime?
False
Suppose 0 = -3*n + 7*n - 4. Suppose -3*q = -3*t - 21, 4*q + 2*t = -3 + n. Suppose d + h - 19 = -2*h, 2*d + q*h - 38 = 0. Is d a prime number?
True
Suppose -2 = -24*c + 22*c. Is 2163/3 - ((c - 0) + -1) a prime number?
False
Let f be (-1 + 0)/((-2)/110). Suppose -6*t + 105 = -3*t. Suppose 4*h = -5*m + t, -h + 5*h - f = -m. Is h prime?
False
Let h(g) = -2042*g**3 + g + 1. Let a be h(-1). Let j = a - 829. Is j a prime number?
True
Suppose -u = 5*i - 5, -i + 5 = u - 2*i. Suppose 23 = -u*y - 2*j, -5*y = -5*j + 37 - 7. Is y*(-37)/10*2 composite?
False
Suppose 0 = 3*t - 2*l - 311, 0 = -4*l - 5 + 1. Let v(d) = -d**3 - 6*d**2 - 24*d - 215. Let o be v(-7). Suppose o = m, -a + t = -0*a + 3*m. Is a prime?
True
Let d(q) = 113*q - 1. Let z be d(5). Is (-3 - 16/(-4)) + z composite?
True
Suppose 11 = 2*t - 259. Suppose 5*n - t = 10*n. Is 437/3*n/(-9) composite?
True
Suppose 0 = 5*z - 0*z. Suppose 0 = 2*o - z*o - 1748. Suppose 5*c - 298 = -n, n + 2*n - 5*c - o = 0. Is n a prime number?
True
Let i be (-676)/(-16)*2*(-1 + -1). Let z = i - -522. Is z a composite number?
False
Suppose 30*i - 58*i = -328132. Is i a prime number?
True
Is (-9)/((-81)/5328) - 9 prime?
False
Suppose -4*c - 4*w + 20 = 0, -2 + 0 = -c + 2*w. Is (-3 + 1276/16)*c a composite number?
False
Suppose 0 = -2*v - t - 411, -416 = 2*v + 4*t - 2*t. Let a = v - -298. Suppose -3*m = -376 - a. Is m a prime number?
True
Let g(a) = a - 6. Let j be g(8). Let m be (-130)/(-20) - (-1)/j. Suppose m*u = 4*u + 1437. Is u prime?
True
Let w = 1237 + -1980. Is (-2)/3*6 - w a prime number?
True
Let b(y) = -6*y + 5 + 13*y**2 + 0 - 4 + 13*y. Let a be (-1 + -1)*(-3)/(-1). Is b(a) a composite number?
True
Suppose -5*c = 0, 2*h - h + 4*c = 2. Suppose -h*b - 123 = -1327. Suppose v - b = -v. Is v composite?
True
Let x(t) = 6*t**3 + 4*t + 8. Let g be x(-6). Let z = g - -2021. Is z a prime number?
True
Let w = -2 - -4. Suppose z + p - 3*p - 47 = 0, p = w*z - 88. Is z a prime number?
True
Suppose 0 = -161*g + 162*g - 3571. Is g a composite number?
False
Let d(m) be the second derivative of -m**5/2 + m**4/3 + m**3/2 + 15*m**2/2 + 16*m. Is d(-4) a prime number?
False
Is (-39954)/(-1) - (-255)/51 a composite number?
True
Suppose 29 - 19 = 5*f. Suppose -w + f*w = 191. Is w a prime number?
True
Let y(r) be the first derivative of 6*r**3 - r**2/2 + 31*r - 9. Is y(-6) a composite number?
True
Let k be -3 + 3*(-24)/(-9). Suppose 2*a = 3*o + 4*a - 5683, 5*o - 9475 = -k*a. Is o composite?
True
Let b be (2 - 2)/(-4 + 1). Suppose -g - 5*g + 132 = b. Is g composite?
True
Let l = 177 - 81. Suppose 3*a = 2*d + 11 + l, -4*d = 5*a - 149. Is a 